lse
Does 8 divide 154760784?
True
Does 28 divide 32417896?
True
Is 1821 a factor of 32166144?
True
Is 27662400 a multiple of 720?
True
Does 6475 divide 1673761600?
True
Is 61933935 a multiple of 15?
True
Is 281 a factor of 22075906?
False
Is 206235697 a multiple of 142?
False
Does 665 divide 155517565?
True
Is 213544620 a multiple of 36?
True
Is 51291494 a multiple of 94?
False
Is 70705792 a multiple of 496?
True
Is 27485410 a multiple of 2374?
False
Does 179 divide 2494316?
False
Is 21519434 a multiple of 218?
True
Is 326 a factor of 3070792110?
False
Does 111 divide 402024425?
False
Is 22568184 a multiple of 72?
True
Is 134 a factor of 56011309?
False
Is 2012343 even?
False
Does 7 divide 1426641713?
True
Does 233 divide 60459916?
False
Is 652 a factor of 150361632?
True
Does 2562 divide 16267351?
False
Is 45 a factor of 4159211?
False
Does 197 divide 40443101?
False
Does 231 divide 385871871?
True
Is 12932982 a multiple of 18?
True
Does 69 divide 1906615728?
True
Is 410306696 a multiple of 5176?
True
Is 379198405 a multiple of 4671?
False
Does 87 divide 48244528?
False
Does 31 divide 23229401?
False
Does 8 divide 500609048?
True
Is 1974638710 a multiple of 3190?
True
Does 49 divide 246417871?
False
Is 11527497 a multiple of 9?
True
Does 27 divide 6448241?
False
Is 529294167 a multiple of 4437?
True
Does 674 divide 560184642?
False
Does 9 divide 91240080?
False
Is 32593047 a multiple of 3?
True
Is 1925979819 a multiple of 6370?
False
Is 109 a factor of 159448252?
True
Is 44888536 a multiple of 15?
False
Is 640327948 a multiple of 3?
False
Is 327096880 a multiple of 968?
True
Does 183 divide 432117900?
True
Does 16 divide 97385957?
False
Is 1601033955 a multiple of 54?
False
Is 20 a factor of 19940540?
True
Is 49464252 a multiple of 18?
True
Is 25010720 a multiple of 959?
True
Is 1031455850 a multiple of 95?
True
Does 115 divide 604211265?
True
Is 10528426 a multiple of 7?
False
Does 104 divide 1555325268?
False
Is 1955 a factor of 233968535?
True
Is 128029914 a multiple of 46?
True
Is 238105350 a multiple of 8430?
True
Is 191 a factor of 1022461942?
False
Is 1486877148 a multiple of 4532?
False
Does 52 divide 9181536?
True
Is 162 a factor of 3060339030?
False
Is 976 a factor of 337985872?
True
Is 63 a factor of 514126494?
True
Is 17 a factor of 2662421?
True
Is 14220892 a multiple of 266?
True
Is 4 a factor of 421494765?
False
Is 13635056 a multiple of 43?
False
Is 3 a factor of 1298287?
False
Is 3102 a factor of 1931525442?
True
Is 238281056 a multiple of 143?
False
Does 20 divide 582628730?
False
Does 7 divide 726509?
True
Does 192 divide 2899008?
True
Is 69 a factor of 32808533?
False
Does 24 divide 255005592?
True
Does 87 divide 7139742?
True
Does 18 divide 4537674?
True
Does 35 divide 4466700?
True
Is 1044649431 a multiple of 399?
True
Does 2983 divide 73283361?
True
Is 296500000 a multiple of 1186?
True
Is 800286300 a multiple of 990?
True
Does 477 divide 138876218?
False
Is 578966769 a multiple of 716?
False
Is 268986257 a multiple of 17?
True
Is 40 a factor of 90225960?
True
Is 4508 a factor of 3497139604?
True
Is 25 a factor of 18576525?
True
Is 39857707 a multiple of 25?
False
Is 996 a factor of 1338630316?
False
Is 785 a factor of 2356644575?
True
Is 250 a factor of 3449619750?
True
Does 2355 divide 439694825?
False
Does 285 divide 102741930?
True
Is 55 a factor of 1733193715?
True
Is 4944 a factor of 198187885?
False
Does 122 divide 135937913?
False
Does 121 divide 3758145?
False
Is 1682881824 a multiple of 1012?
False
Is 55 a factor of 139400965?
True
Is 13697332 a multiple of 16?
False
Is 933 a factor of 31406073?
False
Is 49531270 a multiple of 43?
True
Is 16 a factor of 7617664?
True
Is 457342830 a multiple of 210?
True
Does 290 divide 1292700520?
True
Is 28 a factor of 22636404?
True
Does 5 divide 3308267989?
False
Does 306 divide 922972663?
False
Does 2036 divide 269970987?
False
Is 967 a factor of 5109993439?
False
Is 126515369 a multiple of 14?
False
Does 39 divide 34698140?
False
Does 227 divide 182777742?
False
Is 3689616 a multiple of 237?
True
Is 219175001 a multiple of 1451?
True
Does 32 divide 6201551?
False
Is 607 a factor of 101273701?
True
Is 107 a factor of 469657240?
True
Is 379434926 a multiple of 9?
False
Is 39 a factor of 27759225?
True
Does 5 divide 429546996?
False
Is 5 a factor of 222465290?
True
Does 12 divide 28590614?
False
Does 4 divide 957249304?
True
Does 483 divide 9573543?
True
Is 745 a factor of 189991390?
True
Does 364 divide 793044616?
True
Is 6 a factor of 4057812?
True
Does 121 divide 131199934?
False
Is 21 a factor of 14140827?
False
Is 322287120 a multiple of 114?
True
Does 446 divide 37503031?
False
Does 8 divide 29803506?
False
Is 557 a factor of 2425797683?
False
Is 2973 a factor of 22655309?
False
Does 8 divide 69277854?
False
Is 20250037 a multiple of 1161?
False
Is 333 a factor of 114422796?
True
Is 304 a factor of 32716066?
False
Is 3354541759 a multiple of 227?
True
Does 35 divide 77376710?
False
Is 129 a factor of 658621110?
True
Is 123 a factor of 130839528?
True
Is 396 a factor of 54672156?
True
Does 33 divide 538671903?
True
Is 919 a factor of 95154179?
True
Is 4478 a factor of 872056632?
False
Is 117 a factor of 159344267?
False
Does 1340 divide 21660453?
False
Does 165 divide 605625240?
True
Is 1053584532 a multiple of 2772?
True
Does 3 divide 3450390?
True
Is 781 a factor of 62954128?
False
Does 12 divide 2114273?
False
Is 21287098 a multiple of 8?
False
Is 18507676 a multiple of 55?
False
Is 99 a factor of 217900211?
False
Is 225 a factor of 53418825?
True
Does 124 divide 8429311?
False
Is 352908350 a multiple of 1220?
False
Does 403 divide 116602408?
True
Is 682527997 a multiple of 36?
False
Does 8 divide 21075310?
False
Is 151 a factor of 33731654?
False
Is 11 a factor of 2759283?
False
Does 222 divide 24374046?
True
Does 456 divide 2457923284?
False
Does 855 divide 4035754?
False
Is 3019 a factor of 29208825?
True
Is 1619 a factor of 149066176?
False
Is 876245111 a multiple of 4011?
False
Is 6 a factor of 33593118?
True
Is 209918551 a multiple of 773?
False
Is 17861840 a multiple of 40?
True
Does 5 divide 38251899?
False
Does 30 divide 11837989?
False
Is 13 a factor of 280677746?
False
Does 10 divide 81460?
True
Is 6 a factor of 189303623?
False
Is 164 a factor of 543998988?
True
Does 78 divide 18714540?
True
Is 258 a factor of 8451822?
True
Is 3301730 a multiple of 205?
True
Is 597 a factor of 108191325?
True
Is 166678197 a multiple of 21?
True
Does 187 divide 100206678?
False
Does 31 divide 50528582?
False
Is 371826162 a multiple of 2151?
True
Is 1306381720 a multiple of 730?
True
Is 1969 a factor of 44334216?
False
Does 80 divide 10282650?
False
Is 10210872 even?
True
Is 62 a factor of 1407013?
False
Does 1410 divide 5652690?
True
Is 9 a factor of 6831563?
False
Is 126561280 a multiple of 8?
True
Does 54 divide 255063735?
False
Is 603 a factor of 64577079?
True
Does 1202 divide 432239200?
True
Is 9729579 a multiple of 491?
False
Does 85 divide 41380700?
False
Is 12465891 a multiple of 11?
False
Does 58 divide 289130?
True
Is 402529605 a multiple of 5?
True
Is 3891793444 a multiple of 1364?
True
Is 233334479 a multiple of 5?
False
Is 64992979 a multiple of 37?
True
Does 2248 divide 79176431?
False
Is 1148905220 a multiple of 170?
True
Does 8 divide 563760487?
False
Does 6318 divide 950208246?
True
Is 34895164 a multiple of 537?
False
Is 83 a factor of 32565880?
True
Does 56 divide 43825544?
True
Does 429 divide 79957326?
False
Is 179611368 a multiple of 34?
False
Does 6 divide 31984116?
True
Is 153 a factor of 1093368527?
False
Is 824438631 a multiple of 726?
False
Is 308089719 a multiple of 2297?
True
Is 1232910 a multiple of 721?
True
Is 80109999 a multiple of 8020?
False
Is 8 a factor of 63237104?
True
Is 2045 a factor of 2471402950?
True
Is 553567928 a multiple of 101?
False
Is 118 a factor of 101117931?
False
Does 333 divide 149490027?
True
Is 26852626 a multiple of 15?
False
Is 652608141 a multiple of 1443?
False
Does 40 divide 143001000?
True
Does 703 divide 166046728?
False
Is 1013 a factor of 1463617855?
True
Is 37774975 a multiple of 25?
True
Is 882 a factor of 1898289792?
True
Does 154 divide 40761835?
False
Is 16 a factor of 428244736?
True
Is 6269698432